{"id":31,"date":"2017-06-27T11:34:04","date_gmt":"2017-06-27T11:34:04","guid":{"rendered":"http:\/\/yweb.yasp.at\/web\/rbg\/?page_id=31"},"modified":"2025-11-10T21:15:36","modified_gmt":"2025-11-10T21:15:36","slug":"allgemeines","status":"publish","type":"page","link":"https:\/\/www.rbg.info\/index.php\/allgemeines\/","title":{"rendered":"Allgemeines"},"content":{"rendered":"<div class=\"text-content\">\n<h2>Checken Sie Ihre steuerliche \u201eVernetzung\u201c mit dem Finanzamt:<\/h2>\n<table>\n<tbody>\n<tr>\n<td>1. Sie haben nur Eink\u00fcnfte aus 1 Dienstverh\u00e4ltnis bzw. Pension und keinen Freibetragsbescheid f\u00fcr das laufende Jahr<\/td>\n<td>Sie haben die freie Wahl, die Ber\u00fccksichtigung Ihrer pers\u00f6nlichen Umst\u00e4nde zur Minderung Ihrer Lohnsteuer zu beantragen (Arbeitnehmerveranlagung).<\/td>\n<\/tr>\n<tr>\n<td>2. Sie haben nur Eink\u00fcnfte aus 2 oder mehr Dienstverh\u00e4ltnissen oder Pensionen oder einen Freibetragsbescheid f\u00fcr das laufende Jahr<\/td>\n<td>Sie sind zur Arbeitnehmerveranlagung verpflichtet (Addition der Diensteink\u00fcnfte, Check Freibetragsbescheid, ob dem Dienstgeber vorgelegt oder nicht).<\/td>\n<\/tr>\n<tr>\n<td>3. Sie haben nur Eink\u00fcnfte aus selbst\u00e4ndiger Arbeit (Freiberufler, K\u00fcnstler), aus gewerblichen T\u00e4tigkeiten, aus Vermietungen, aus ausl\u00e4ndischen Pensionen, aus ausl\u00e4ndischem Kapitalverm\u00f6gen ohne Abzug der \u00f6sterreichischen Kapitalertragssteuer Funktionsgeb\u00fchren und diese betragen (Einnahmen minus Ausgaben) mehr als \u20ac 13.308.- p.a. (Stand 2025)<\/td>\n<td>Sie sind zur Abgabe einer Einkommensteuer \u2013 Jahreserkl\u00e4rung verpflichtet, sind die inl\u00e4ndischen Einnahmen h\u00f6her als \u20ac 55.000.- ist die Verpflichtung zur Abgabe einer Umsatzsteuererkl\u00e4rung zu checken.<\/td>\n<\/tr>\n<tr>\n<td>4. Sie haben Eink\u00fcnfte wie unter Punkt 3 von mehr als \u20ac 730,- p.a. und daneben noch Eink\u00fcnfte wie unter Punkt 1 und 2<\/td>\n<td>Verpflichtung wie unter Punkt 3<\/td>\n<\/tr>\n<\/tbody>\n<\/table>\n<p>Ber\u00fccksichtigung pers\u00f6nlicher Umst\u00e4nde (hat der Ehegatte, Lebensgef\u00e4hrte keine oder geringe Eink\u00fcnfte dann auch f\u00fcr diesen):<\/p>\n<table>\n<tbody>\n<tr>\n<td><strong>finanziell<\/strong>:<\/td>\n<td><strong>k\u00f6rperlich<\/strong>:<\/td>\n<td><strong>famili\u00e4r<\/strong>:<\/td>\n<\/tr>\n<tr>\n<td>Sonderausgaben (Kirchensteuer, Steuerberatungskosten, Spenden) Arzt-, Kurkosten, Medikamente, Aus- und Fortbildung<\/td>\n<td>Behinderung, Diabetes, Di\u00e4tverpflegung<\/td>\n<td>Kinder, Scheidung, AlleinverdienerIn, AlleinerzieherIn<\/td>\n<\/tr>\n<\/tbody>\n<\/table>\n<h2>Checken Sie Ihre sozialversicherungsrechtliche \u201eVernetzung\u201c<\/h2>\n<ol class=\"loweralpha\">\n<li>Sie haben nur in- und ausl\u00e4ndische Eink\u00fcnfte aus selbst\u00e4ndiger Arbeit\u00a0\u00a0 (Freiberufler, K\u00fcnstler), aus gewerblichen T\u00e4tigkeiten und diese betragen (Einnahmen minus Ausgaben ohne SVA-Beitr\u00e4ge) mehr als \u20ac\u00a0 6.613,20 p.a.: Sie sind, wenn nicht schon auf Grund eines Gewerbescheines bei der Sozialversicherungsanstalt der gewerblichen Wirtschaft pflicht-versichert.<\/li>\n<li>Sie haben Eink\u00fcnfte wie unter Punkt a. von mehr als \u20ac 6.613,20 (2025) p.a. und daneben noch Eink\u00fcnfte wie unter Punkt 1 und 2: Sie sind, wenn nicht schon auf Grund eines Gewerbescheines bei der Sozialversicherungsanstalt der gewerblichen Wirtschaft pflicht-versichert. Wenn Sie sich in diesem Falle nicht von sich aus bei der SVA anmelden, kommt es seitens der SVA zur einer r\u00fcckwirkenden Vorschreibung von Beitr\u00e4gen mit empfindlichen Strafzuschl\u00e4gen.<\/li>\n<\/ol>\n<\/div>\n\n\n<p><\/p>\n","protected":false},"excerpt":{"rendered":"Checken Sie Ihre steuerliche \u201eVernetzung\u201c mit dem Finanzamt: 1. Sie haben nur Eink\u00fcnfte aus 1 Dienstverh\u00e4ltnis bzw. Pension und keinen Freibetragsbescheid f\u00fcr das laufende Jahr Sie haben die freie Wahl, die Ber\u00fccksichtigung Ihrer pers\u00f6nlichen Umst\u00e4nde zur Minderung Ihrer Lohnsteuer zu beantragen (Arbeitnehmerveranlagung). 2. Sie haben nur Eink\u00fcnfte aus 2 oder mehr Dienstverh\u00e4ltnissen oder Pensionen oder&#8230; <a class=\"view-article\" href=\"https:\/\/www.rbg.info\/index.php\/allgemeines\/\">View Article<\/a>","protected":false},"author":1,"featured_media":0,"parent":0,"menu_order":3,"comment_status":"closed","ping_status":"closed","template":"","meta":{"footnotes":""},"class_list":["post-31","page","type-page","status-publish","hentry"],"_links":{"self":[{"href":"https:\/\/www.rbg.info\/index.php\/wp-json\/wp\/v2\/pages\/31","targetHints":{"allow":["GET"]}}],"collection":[{"href":"https:\/\/www.rbg.info\/index.php\/wp-json\/wp\/v2\/pages"}],"about":[{"href":"https:\/\/www.rbg.info\/index.php\/wp-json\/wp\/v2\/types\/page"}],"author":[{"embeddable":true,"href":"https:\/\/www.rbg.info\/index.php\/wp-json\/wp\/v2\/users\/1"}],"replies":[{"embeddable":true,"href":"https:\/\/www.rbg.info\/index.php\/wp-json\/wp\/v2\/comments?post=31"}],"version-history":[{"count":7,"href":"https:\/\/www.rbg.info\/index.php\/wp-json\/wp\/v2\/pages\/31\/revisions"}],"predecessor-version":[{"id":594,"href":"https:\/\/www.rbg.info\/index.php\/wp-json\/wp\/v2\/pages\/31\/revisions\/594"}],"wp:attachment":[{"href":"https:\/\/www.rbg.info\/index.php\/wp-json\/wp\/v2\/media?parent=31"}],"curies":[{"name":"wp","href":"https:\/\/api.w.org\/{rel}","templated":true}]}}