{"id":33,"date":"2017-06-27T11:36:09","date_gmt":"2017-06-27T11:36:09","guid":{"rendered":"http:\/\/yweb.yasp.at\/web\/rbg\/?page_id=33"},"modified":"2017-09-06T08:48:54","modified_gmt":"2017-09-06T08:48:54","slug":"regeln-im-umgang-mit-der-steuerbehorde","status":"publish","type":"page","link":"https:\/\/www.rbg.info\/index.php\/allgemeines\/regeln-im-umgang-mit-der-steuerbehorde\/","title":{"rendered":"Regeln im Umgang mit der Steuerbeh\u00f6rde"},"content":{"rendered":"<div class=\"text-content\">\n<h2>&#8220;Abberufungen&#8221; von Jahres-Steuererkl\u00e4rungen<\/h2>\n<p>Obwohl wir die Termine zur Abgabe Ihrer Steuererkl\u00e4rungen in unserem Gruppen-Ansuchen integriert\u00a0haben und in Evidenz halten, werden durch einen Zufallsgenerator des Finanzamtes Steuererkl\u00e4rungen vorzeitig abberufen \u2013 dies erfolgt regelm\u00e4\u00dfig mit einer Fristsetzung Ende August oder Ende Oktober eines Jahres. Werden Sie diesbez\u00fcglich vom Finanzamt verst\u00e4ndigt, geben Sie uns dies umgehend bekannt, damit wir entweder die Bearbeitung Ihrer Steuererkl\u00e4rungen vorziehen oder die Frist\u00a0mittels Einzelansuchens verl\u00e4ngern. Damit verhindern wir die Festsetzung von Zwangsstrafen und S\u00e4umniszuschl\u00e4gen.<\/p>\n<h2>Berufung<\/h2>\n<p>Gegen einen Bescheid, den das Finanzamt erla\u0308sst, kann innerhalb eines Monats nach Erhalt berufen werden. Falls aus plausiblen Gru\u0308nden diese Rechtsmittelfrist nicht eingehalten werden kann ist eine Verla\u0308ngerung auf Antrag mo\u0308glich.<\/p>\n<p>Eine Berufung muss mindestens folgende Punkte enthalten:<\/p>\n<ol>\n<li>Bezeichnung des Bescheides, gegen den sich die Berufung richtet<\/li>\n<li>Erkl\u00e4rung, in welchen Punkten der Bescheid angefochten wird<\/li>\n<li>Begr\u00fcndung<\/li>\n<li>Erkl\u00e4rung, welche \u00c4nderungen beantragt werden<\/li>\n<\/ol>\n<h2>Antrag auf Aussetzung<\/h2>\n<p>Wenn gegen einen Bescheid des Finanzamtes berufen wurde, bleiben dennoch alle vorgeschriebenen Zahlungstermine aufrecht. Eine Vorschreibung, die Sie aufgrund eines Bescheides erhalten haben, m\u00fcssen Sie daher grunds\u00e4tzlich trotzdem bezahlen. Dem kann nur dadurch begegnet werden, wenn fu\u0308r den strittigen Betrag ein Aussetzungsantrag gestellt wird (z.B. fu\u0308r die Dauer der Berufung)! Eine Aussetzung wird nicht bewilligt, wenn die Berufung &#8220;nach Lage des Falles wenig erfolgversprechend erscheint&#8221;. Dar\u00fcber hinaus muss dem Finanzamt glaubhaft gemacht werden, dass die Einbringlichkeit der Abgabe nicht gef\u00e4hrdet ist.<\/p>\n<h2>Fristerstreckung<\/h2>\n<p>Es besteht die Mo\u0308glichkeit, festgesetzte Fristen mittels Antrag zu verla\u0308ngern, wenn Sie:<\/p>\n<ul>\n<li>Ihre Steuererkla\u0308rung nicht termingerecht einreichen ko\u0308nnen,<\/li>\n<li>eine Anfrage des Finanzamtes nicht\u00a0bis zum vorgeschriebenen Termin beantworten ko\u0308nnen<\/li>\n<li>eine Berufung nicht rechtzeitig einbringen ko\u0308nnen.<\/li>\n<\/ul>\n<p>Falls das Finanzamt diesen Antrag ablehnt, wird Ihnen trotzdem eine &#8220;Nachfrist&#8221; gesetzt.<\/p>\n<h2>Zahlungserleichterung<\/h2>\n<p>Wenn die Zahlung einer Abgabe f\u00fcr den Steuerpflichten \u201emit erheblicher Ha\u0308rte\u201c verbunden wa\u0308re, kann das Finanzamt eine Zahlung in Raten oder eine Stundung (Verschiebung des Zahkungszeitpunktes) bewilligen. Die Einbringlichkeit der Abgabe darf nicht gefa\u0308hrdet sein! Ungerechtfertigt eingebrachte Raten- oder Stundungsansuchen k\u00f6nnen daher Anlass der Einleitung eines Finanzstrafverfahrens werden. Nur wenn Sie uns gewichtige Gr\u00fcnde f\u00fcr die ratenweise Abstattung und Sicherheiten nennen, besteht die Chance auf Stattgebung.<\/p>\n<p>Halten Sie die Raten ein und zahlen Sie zwischenzeitlich vorgeschriebene Stundungszinsen und S\u00e4umniszuschl\u00e4ge innerhalb von 14 Tagen. Andernfalls erlischt die Ratenvereinbarung und die Pf\u00e4ndung wird eingeleitet.<\/p>\n<\/div>\n","protected":false},"excerpt":{"rendered":"&#8220;Abberufungen&#8221; von Jahres-Steuererkl\u00e4rungen Obwohl wir die Termine zur Abgabe Ihrer Steuererkl\u00e4rungen in unserem Gruppen-Ansuchen integriert\u00a0haben und in Evidenz halten, werden durch einen Zufallsgenerator des Finanzamtes Steuererkl\u00e4rungen vorzeitig abberufen \u2013 dies erfolgt regelm\u00e4\u00dfig mit einer Fristsetzung Ende August oder Ende Oktober eines Jahres. Werden Sie diesbez\u00fcglich vom Finanzamt verst\u00e4ndigt, geben Sie uns dies umgehend bekannt, damit&#8230; <a class=\"view-article\" href=\"https:\/\/www.rbg.info\/index.php\/allgemeines\/regeln-im-umgang-mit-der-steuerbehorde\/\">View Article<\/a>","protected":false},"author":1,"featured_media":0,"parent":31,"menu_order":0,"comment_status":"closed","ping_status":"closed","template":"","meta":{"footnotes":""},"class_list":["post-33","page","type-page","status-publish","hentry"],"_links":{"self":[{"href":"https:\/\/www.rbg.info\/index.php\/wp-json\/wp\/v2\/pages\/33","targetHints":{"allow":["GET"]}}],"collection":[{"href":"https:\/\/www.rbg.info\/index.php\/wp-json\/wp\/v2\/pages"}],"about":[{"href":"https:\/\/www.rbg.info\/index.php\/wp-json\/wp\/v2\/types\/page"}],"author":[{"embeddable":true,"href":"https:\/\/www.rbg.info\/index.php\/wp-json\/wp\/v2\/users\/1"}],"replies":[{"embeddable":true,"href":"https:\/\/www.rbg.info\/index.php\/wp-json\/wp\/v2\/comments?post=33"}],"version-history":[{"count":3,"href":"https:\/\/www.rbg.info\/index.php\/wp-json\/wp\/v2\/pages\/33\/revisions"}],"predecessor-version":[{"id":92,"href":"https:\/\/www.rbg.info\/index.php\/wp-json\/wp\/v2\/pages\/33\/revisions\/92"}],"up":[{"embeddable":true,"href":"https:\/\/www.rbg.info\/index.php\/wp-json\/wp\/v2\/pages\/31"}],"wp:attachment":[{"href":"https:\/\/www.rbg.info\/index.php\/wp-json\/wp\/v2\/media?parent=33"}],"curies":[{"name":"wp","href":"https:\/\/api.w.org\/{rel}","templated":true}]}}