{"id":45,"date":"2017-06-27T11:42:46","date_gmt":"2017-06-27T11:42:46","guid":{"rendered":"http:\/\/yweb.yasp.at\/web\/rbg\/?page_id=45"},"modified":"2017-09-06T09:34:27","modified_gmt":"2017-09-06T09:34:27","slug":"ihr-weg-zum-spendengutesiegel","status":"publish","type":"page","link":"https:\/\/www.rbg.info\/index.php\/vereine-spezial\/ihr-weg-zum-spendengutesiegel\/","title":{"rendered":"Ihr Weg zum Spendeng\u00fctesiegel"},"content":{"rendered":"<div class=\"text-content\">\n<ol>\n<li>Der Verein stellt bei der Kammer der Wirtschaftstreuh\u00e4nder (KWT) den Antrag* auf Vergabe des \u00f6sterreichischen Spendeng\u00fctesiegelDer Verein erteilt\u00a0 der R.B.G \u2013 Revisions- und BetriebsberatungsgesmbH (RBG GmbH) den\u00a0\u00a0 Auftrag* und die RBG GmbH setzt die KWT von der Beauftragung in Kenntnis<\/li>\n<li>Die RBG GmbH pr\u00fcft den Verein auf der Basis des Pr\u00fcfungsauftrages und erteilt nach positivem Abschluss der Pr\u00fcfung eine Best\u00e4tigung an die KWT. Mit dieser Best\u00e4tigung werden vorgelegt:\n<ul>\n<li>aktuelle Statuten<\/li>\n<li>aktuelle Liste des Leitungsorgans bzw. Vorstandes<\/li>\n<li>Finanzbericht (spezielle Gliederung!!) **<\/li>\n<li>ZVR Nummer, Vereinsregisterauszug<\/li>\n<\/ul>\n<\/li>\n<li>Nach positivem Abschluss der Pr\u00fcfung durch die RBG GmbH und Bezahlung der Geb\u00fchr (Vereine bis \u20ac 100.000,-: \u20ac 81,- dar\u00fcber\u00a0 \u20ac 216,- zuz\u00fcglich Werbekostenbeitrag von \u20ac 50,- Werte 2013) an die KWT verleiht die KWT eine Urkunde \u00fcber die Berechtigung zur F\u00fchrung des Spendeng\u00fctesiegels und informiert \u00fcber den Verl\u00e4ngerungsstichtag.Die KWT nimmt die NPO binnen einer Woche ab Ausstellungsdatum in die Liste der Spendeng\u00fctesiegel f\u00fchrenden NPOs auf.<\/li>\n<li>Sp\u00e4testens\u00a0 bis zum Verl\u00e4ngerungsstichtag m\u00fcssen alle Schritte 1- 3 erneut erfolgen und die aktuellen Beilagen der KWT vorgelegt werden.<\/li>\n<li>Anl\u00e4sslich der Verleihung der Berechtigung zur F\u00fchrung des \u00d6sterreichischen Spendeng\u00fctesiegels wird der NPO eine Registriernummer zugeteilt. Diese Registriernummer ist gut lesbar in der Textbildmarke des \u00d6sterreichischen Spendeng\u00fctesiegels anzuf\u00fchren. Die verliehene Textbildmarke des \u00d6sterreichischen Spendeng\u00fctesiegels ist nur in der Gr\u00f6\u00dfe ver\u00e4nderbar. Wird in Schriftst\u00fccken auf die F\u00fchrung des \u00d6sterreichischen Spendeng\u00fctesiegels verwiesen, muss die Registriernummer angef\u00fchrt sein.<\/li>\n<li>Bei Erl\u00f6schen des Rechts zur F\u00fchrung des Spendeng\u00fctesiegels verf\u00e4llt auchdie bisherige Registriernummer. Bei einem neuerlichen Antrag und einer darauf aufbauenden neuerlichen Verleihung ist eine neue Registriernummer zu vergeben.<\/li>\n<li>\u00dcber eine Infohotline und eine Website kann jeder Spender, jede Spenderin die G\u00fcltigkeit des G\u00fctesiegels \u00fcberpr\u00fcfen. Der Spender muss lediglich die Registrier-nummer oder den Namen der Organisation wissen und erh\u00e4lt eine Auskunft, ob die Organisation zum Zeitpunkt des Anrufs zum F\u00fchren des \u00d6sterreichischen Spenden-g\u00fctesiegels berechtigt ist.<\/li>\n<\/ol>\n<p>*\u00a0\u00a0 Muster unter Vorlagen im doc-Format<\/p>\n<p>** Muster unter download im pdf-Format<\/p>\n<\/div>\n","protected":false},"excerpt":{"rendered":"Der Verein stellt bei der Kammer der Wirtschaftstreuh\u00e4nder (KWT) den Antrag* auf Vergabe des \u00f6sterreichischen Spendeng\u00fctesiegelDer Verein erteilt\u00a0 der R.B.G \u2013 Revisions- und BetriebsberatungsgesmbH (RBG GmbH) den\u00a0\u00a0 Auftrag* und die RBG GmbH setzt die KWT von der Beauftragung in Kenntnis Die RBG GmbH pr\u00fcft den Verein auf der Basis des Pr\u00fcfungsauftrages und erteilt nach positivem&#8230; <a class=\"view-article\" href=\"https:\/\/www.rbg.info\/index.php\/vereine-spezial\/ihr-weg-zum-spendengutesiegel\/\">View Article<\/a>","protected":false},"author":1,"featured_media":0,"parent":39,"menu_order":2,"comment_status":"closed","ping_status":"closed","template":"","meta":{"footnotes":""},"class_list":["post-45","page","type-page","status-publish","hentry"],"_links":{"self":[{"href":"https:\/\/www.rbg.info\/index.php\/wp-json\/wp\/v2\/pages\/45","targetHints":{"allow":["GET"]}}],"collection":[{"href":"https:\/\/www.rbg.info\/index.php\/wp-json\/wp\/v2\/pages"}],"about":[{"href":"https:\/\/www.rbg.info\/index.php\/wp-json\/wp\/v2\/types\/page"}],"author":[{"embeddable":true,"href":"https:\/\/www.rbg.info\/index.php\/wp-json\/wp\/v2\/users\/1"}],"replies":[{"embeddable":true,"href":"https:\/\/www.rbg.info\/index.php\/wp-json\/wp\/v2\/comments?post=45"}],"version-history":[{"count":5,"href":"https:\/\/www.rbg.info\/index.php\/wp-json\/wp\/v2\/pages\/45\/revisions"}],"predecessor-version":[{"id":106,"href":"https:\/\/www.rbg.info\/index.php\/wp-json\/wp\/v2\/pages\/45\/revisions\/106"}],"up":[{"embeddable":true,"href":"https:\/\/www.rbg.info\/index.php\/wp-json\/wp\/v2\/pages\/39"}],"wp:attachment":[{"href":"https:\/\/www.rbg.info\/index.php\/wp-json\/wp\/v2\/media?parent=45"}],"curies":[{"name":"wp","href":"https:\/\/api.w.org\/{rel}","templated":true}]}}